w - w - 30. Let p = w - -17. Suppose p = 2*n - 5. What is the units digit of n?
6
Suppose 12*h = -953 + 2537. What is the hundreds digit of h?
1
Let d(w) = -2*w + 5 - 10 + w. Let y be d(-5). Suppose 7*n = 2*n - 5*h + 30, y = -2*h. What is the units digit of n?
6
Let j be (-2)/(-10) - (-28)/10. Let k(u) = -j*u - 1 + 3*u - 4*u - 6*u. What is the units digit of k(-1)?
9
Let u(c) = -c**3 + 6*c**2 + 6*c + 7. Let g be u(7). Suppose 2*b + 3 - 9 = g. What is the units digit of b?
3
Let s = 5 + -2. Suppose -2*k - 69 = -6*k - s*o, 5*k + 5*o - 85 = 0. What is the tens digit of k?
1
Let v be -14 + 2/(-3)*-3. Let x = -7 - v. Suppose 2 = x*q - 3. What is the units digit of q?
1
Suppose 3*j = j - 4*h, 3*j + 3*h = 0. Suppose 3*l - 32 = -4*f - j*l, -f + 15 = -l. What is the tens digit of f?
1
Suppose -5*z - 45 + 10 = -5*d, -2*d = 2*z - 14. Let s = d - 2. Suppose 0 = -s*y + 7 - 2. What is the units digit of y?
1
What is the tens digit of (-6 + 18)/((-2)/(-9))?
5
Let y(s) = s**3 + 8*s**2 - 12*s - 9. What is the units digit of y(-9)?
8
Suppose -2 - 10 = -3*q. Suppose -q*f + 0*f + 12 = 0. Suppose -2*x - 3*k + 28 = 0, -2*x + f*k + 14 = -k. What is the tens digit of x?
1
Let o(r) = r - 1. Let k be o(0). Let z = k - -3. What is the tens digit of 3*z/(-12)*-22?
1
Suppose -h - 1 + 0 = 0, 0 = 5*c + h + 91. Let o = -12 - c. What is the units digit of o?
6
Let b = 13 + -10. Suppose -b*k = 2*c - 18 + 1, -k - 1 = 2*c. What is the units digit of k?
9
What is the tens digit of (-20)/(-90) - 1652/(-18)?
9
Let q be (0 - (1 + 0)) + 24. Let x = q - -4. What is the units digit of (-106)/(-9) + 6/x?
2
Let w(p) = p**3 - 8*p**2 - 13*p - 2. What is the tens digit of w(10)?
6
Let f = 122 - 69. What is the units digit of f?
3
Let r(j) = -10*j**2 - 2*j - 1. Let h be r(3). What is the units digit of (-22)/(-33) + h/(-3)?
3
What is the tens digit of (-2)/3 + (-6 - 2408/(-12))?
9
Suppose -42 = -5*o + x, 48 = 5*o - 0*o + x. What is the units digit of o?
9
Let c(k) = -k**2 - 10*k + 4. Let p be c(-10). Let j = 0 + 0. Suppose j*f - f = -p. What is the units digit of f?
4
Suppose 4*g = q - 21, -3*g + g = -4*q. What is the units digit of (-4)/g + 38/6?
7
Let t = 31 + -19. What is the units digit of t?
2
Let x be 15/6 - (-2)/4. Suppose c = -x*c. What is the units digit of (-8)/(-3)*(c - -3)?
8
Let o be (4/6)/(8/(-24)). Let z(m) = 3*m**2 + 2*m + 2. What is the units digit of z(o)?
0
Suppose -2*g + 3*d = -3*g + 108, 4*d - 210 = -2*g. What is the units digit of g?
9
Suppose -4*r = 3*f + 18, 0*f + 4*r = 4*f + 24. What is the units digit of 8/f*(-15)/2?
0
Let a(b) = -3*b - 8. Let f(h) = -2*h + 13. Let k be f(10). What is the tens digit of a(k)?
1
Suppose 0 = v - 5*c - 24, -v + 2*c - 5*c = 0. What is the units digit of v?
9
Let v(w) = 2*w**3 - 34 + 32 - w**3 + 5*w - 3*w**2 - w**2. What is the units digit of v(4)?
8
Suppose 5*g - 5 = t, -3 - 2 = -t. What is the tens digit of (-1)/g*882/(-9)?
4
Suppose -x = m - 22, 0 = -0*m + 5*m - 3*x - 150. What is the tens digit of m?
2
Suppose 4*c + 1 = 4*n - 3, 4 = -5*n - 4*c. Suppose -m = -0 - 5. What is the units digit of m + (-3)/(n + 1)?
2
Let b(s) = s**3 - 9*s**2 - 28*s - 1. What is the tens digit of b(12)?
9
What is the tens digit of (-44)/(-10)*(-65)/(-26)?
1
Suppose -4 = -p + 4. Suppose -o = -5*s + 48, 3*o = -3*s - p + 44. What is the tens digit of s?
1
Let w = 126 - 99. What is the tens digit of w?
2
Let q(x) = x - 1. Let a be q(-6). Let g = a + 30. What is the units digit of g?
3
Let t be 4/6*12 + 2. Suppose 14*v = t*v + 8. What is the units digit of v?
2
Let n = -2 - -6. Suppose 3*l = -2*l + 15. Suppose l*s + n = 7. What is the units digit of s?
1
Let v(c) = c. Let l be v(5). Suppose -3*p = -8*p + 4*f + 44, 3*p + l*f - 19 = 0. Let d = p - 7. What is the units digit of d?
1
Let u = 9 - 19. Let y be (-98)/u - 2/(-10). Suppose 2*f - 10 = y. What is the units digit of f?
0
Let t = 83 + -38. What is the tens digit of t?
4
Let q(b) = -b**2 - 22*b - 26. What is the units digit of q(-15)?
9
Let j = -3 + -18. What is the units digit of (240/(-35))/(3/j)?
8
Suppose -4*o + 6 = -14. Suppose 0 = z - 4*k + 4 + 7, 43 = 2*z + o*k. What is the units digit of z?
9
Let a be 104/28 + (-4)/(-14). Suppose -5*j - a*b = -5, 6*b + 30 = j + b. What is the units digit of j?
5
Let z = -17 - -30. What is the units digit of z?
3
Let z(b) = 4*b - 5. Let w(i) = -i + 17. Let l be w(13). What is the units digit of z(l)?
1
Let k be (8 + -13)*8*-1. Suppose -29 = -3*g + k. What is the tens digit of g?
2
Let f(d) = 11*d**3 + d**2 - d. What is the units digit of f(1)?
1
Suppose 0 = -2*j - 14 - 2. Let w(x) = -x**3 - 8*x**2 - x - 4. What is the units digit of w(j)?
4
Let l be ((-8)/(-3))/((-3)/9). Suppose -4*p - 5 = -3*k, 3*k - 4*p + 2*p - 1 = 0. Let w = k - l. What is the units digit of w?
7
Let d = 4 + -3. Let u be -4 + 2 - d*-2. Suppose 0 = -q - u*q + 3. What is the units digit of q?
3
Let v be -1 - -1 - (4 + -14). Suppose -48 = -t - v. What is the tens digit of t?
3
What is the units digit of (-3)/(2/(-44)*2)?
3
Let p = 24 + -19. What is the units digit of p?
5
Let p = 129 - 36. What is the tens digit of p?
9
What is the units digit of 3 + (31 - -3) + 0?
7
Suppose 3 = -3*c - 5*p + 43, -3*c - p + 32 = 0. Suppose -6 = 4*g - g - 5*r, g + c = -r. What is the units digit of (-51)/g + (-6)/21?
7
Let g(t) = -t**2 + 11*t - 2. Let w be g(8). Suppose 20 = 2*j - w. What is the units digit of j?
1
Let j(q) = -q**2 - 10*q + 1. Let y(k) = k**2 + k. Let r(l) = -j(l) - 2*y(l). Let u be r(7). Let v = 17 - u. What is the units digit of v?
1
Suppose -4 = -i - i. What is the tens digit of 966/35 - i/(-5)?
2
Let w(s) = -29*s + 5. What is the tens digit of w(-2)?
6
Let y(s) = s**3 - 9*s**2 + 8*s + 3. Let h be y(8). Let d(i) = -4*i + 2*i + 6*i - 2. What is the tens digit of d(h)?
1
Suppose 5*c - 1742 = -412. What is the hundreds digit of c?
2
Let u(a) = a**3 - a**2 - a + 3. Let v be u(0). Suppose -m + 4*m - 51 = 0. Suppose -4*q - m = -2*w - v*w, 2*q - 3*w + 11 = 0. What is the units digit of q?
2
Let u = 11 - 17. Let v = u - -8. Suppose 65 = m + 4*m + v*j, 0 = 5*m - 3*j - 90. What is the units digit of m?
5
Let k = -9 - -9. Suppose k = 2*c - 9 - 15. Suppose -5*g + 3 = -c. What is the units digit of g?
3
Suppose -4*u + 4*p = -16 - 36, -3*u - 4*p + 18 = 0. What is the units digit of (-1 + u)/(21/28)?
2
Suppose -5*o + 16 = 5*l - 3*l, o - 6 = l. Let h be (-4)/(-10) - 12/5. Let m = o - h. What is the units digit of m?
6
Suppose s - v - 3 + 2 = 0, 4*s + 5*v - 40 = 0. Suppose -4*p - 5*t - 5 = 0, -3*t = 3*p + 2 + 1. Suppose s*n - 3*n - 12 = p. What is the units digit of n?
6
Suppose 5*f + 8 + 110 = 3*s, -5*f = -s + 26. What is the tens digit of s?
4
Let y be (-1 - -2)*(3 - 9). What is the units digit of 3/(y/(-2) + -2)?
3
Let n be (-69)/(-15) + 3/(-5). Suppose -n*d + 18 - 2 = 0. Suppose 2*c + t = 29 - 9, -d*t = 5*c - 47. What is the tens digit of c?
1
What is the units digit of 49/14*(-20)/(-7)?
0
Suppose -4 = -5*n - 29. Let l(s) = s**2 + 4*s - 4. What is the units digit of l(n)?
1
Let l(w) be the second derivative of -w**6/360 - w**5/15 - 3*w**4/8 + w**3/6 + 2*w. Let y(v) be the second derivative of l(v). What is the units digit of y(-6)?
3
Let j(u) = 2*u - 14. Let f(h) = 1. Let a(m) = 5*f(m) + j(m). Let r be a(6). Suppose y - r*v + 9 = 27, 0 = -2*y - 2*v - 4. What is the units digit of y?
3
Let h(w) = 19*w**2 - 1. Let g be h(1). Let t = -4 + 15. Let n = g - t. What is the units digit of n?
7
Suppose 14*q = 7*q + 119. What is the tens digit of q?
1
Let w(y) = 9*y - 7. Let h = 12 - 8. Let x(c) = -10*c + 8. Let m(f) = h*x(f) + 5*w(f). What is the units digit of m(2)?
7
Suppose 5*j + 0*n = 4*n - 101, -5*j + 3*n - 102 = 0. Let l = j + 29. What is the units digit of l?
8
Let t(z) = -z - 1. Let x(i) = -10*i - 7. Let k(r) = 18*t(r) - 2*x(r). Let y be k(3). What is the tens digit of (-120)/(-9) + y/(-6)?
1
Let o be 12*((-1)/1)/(-3). Suppose 2*v - 5*q - 15 = o*v, q + 3 = v. Suppose v = -4*x - 0*x + 20. What is the units digit of x?
5
Let n(t) = 13*t - 13. What is the units digit of n(4)?
9
Let c be (-2 + 16 - 2) + 2. Suppose d + 4 = c. What is the tens digit of d?
1
What is the units digit of (-68)/119 - 78/(-14)?
5
Let c = -31 + 209. What is the units digit of c?
8
Let v be (-1)/(-1)*20/4. Let c = v + -2. Suppose -2*u - c*u 